{"id":1311,"date":"2018-07-04T09:34:27","date_gmt":"2018-07-04T07:34:27","guid":{"rendered":"http:\/\/seminar-blaubeuren.de\/?post_type=portfolio&#038;p=1311"},"modified":"2018-11-06T12:22:33","modified_gmt":"2018-11-06T11:22:33","slug":"musik","status":"publish","type":"portfolio","link":"https:\/\/seminar-blaubeuren.de\/index.php\/portfolio\/musik\/","title":{"rendered":"Chor und Vokalensemble"},"content":{"rendered":"<div class=\"wpb-content-wrapper\"><p>[vc_row unlock_row=&#8220;&#8220; row_height_percent=&#8220;15&#8243; override_padding=&#8220;yes&#8220; h_padding=&#8220;0&#8243; top_padding=&#8220;0&#8243; bottom_padding=&#8220;0&#8243; overlay_alpha=&#8220;50&#8243; gutter_size=&#8220;3&#8243; column_width_percent=&#8220;80&#8243; shift_y=&#8220;0&#8243; z_index=&#8220;0&#8243; row_height_use_pixel=&#8220;&#8220; row_name=&#8220;Design&#8220;][vc_column column_width_use_pixel=&#8220;yes&#8220; position_vertical=&#8220;middle&#8220; overlay_alpha=&#8220;50&#8243; gutter_size=&#8220;3&#8243; medium_width=&#8220;0&#8243; shift_x=&#8220;0&#8243; shift_y=&#8220;0&#8243; zoom_width=&#8220;0&#8243; zoom_height=&#8220;0&#8243; width=&#8220;1\/1&#8243;][vc_custom_heading heading_semantic=&#8220;h6&#8243; text_transform=&#8220;uppercase&#8220; text_color=&#8220;color-uydo&#8220;]Chor und Vokalensemble[\/vc_custom_heading][\/vc_column][\/vc_row][vc_row unlock_row=&#8220;&#8220; row_height_percent=&#8220;50&#8243; override_padding=&#8220;yes&#8220; h_padding=&#8220;2&#8243; top_padding=&#8220;4&#8243; bottom_padding=&#8220;4&#8243; overlay_alpha=&#8220;50&#8243; gutter_size=&#8220;3&#8243; column_width_percent=&#8220;80&#8243; shift_y=&#8220;0&#8243; z_index=&#8220;0&#8243; row_height_use_pixel=&#8220;&#8220; row_name=&#8220;Development&#8220;][vc_column column_width_use_pixel=&#8220;yes&#8220; overlay_alpha=&#8220;50&#8243; gutter_size=&#8220;3&#8243; medium_width=&#8220;0&#8243; mobile_width=&#8220;0&#8243; shift_x=&#8220;0&#8243; shift_y=&#8220;0&#8243; shift_y_down=&#8220;0&#8243; z_index=&#8220;0&#8243; zoom_width=&#8220;0&#8243; zoom_height=&#8220;0&#8243; width=&#8220;1\/1&#8243;][vc_column_text]<\/p>\n<h3>Chor<\/h3>\n<p>Im Chor singen Sch\u00fclerinnen und Sch\u00fcler aller Jahrgangsstufen zusammen: Rund 50 S\u00e4ngerinnen und S\u00e4nger erarbeiten hier in w\u00f6chentlichen Proben gemeinsam Musik aller Epochen und Stile \u2013 sowohl A-Cappella-Literatur, als auch St\u00fccke mit instrumentaler Begleitung. Eine Gesangsp\u00e4dagogin begleitet die Chorarbeit stimmbildnerisch.<\/p>\n<h3>Vokalensemble<\/h3>\n<p>F\u00fcr die Sch\u00fclerinnen und Sch\u00fcler, die gern in noch kleinerer Besetzung und \u00fcber den Chor hinaus gemeinsam singen wollen, gibt es das Vokalensemble. In den Proben, die einmal in der Woche stattfinden, wird hier an einem Repertoire geprobt, das sich besonders gut f\u00fcr die kammermusikalische Umsetzung eignet.[\/vc_column_text][\/vc_column][\/vc_row]<\/p>\n<\/div>","protected":false},"excerpt":{"rendered":"<p>[vc_row unlock_row=&#8220;&#8220; row_height_percent=&#8220;15&#8243; override_padding=&#8220;yes&#8220; h_padding=&#8220;0&#8243; top_padding=&#8220;0&#8243; bottom_padding=&#8220;0&#8243; overlay_alpha=&#8220;50&#8243; gutter_size=&#8220;3&#8243; column_width_percent=&#8220;80&#8243; shift_y=&#8220;0&#8243; z_index=&#8220;0&#8243; row_height_use_pixel=&#8220;&#8220; row_name=&#8220;Design&#8220;][vc_column column_width_use_pixel=&#8220;yes&#8220; position_vertical=&#8220;middle&#8220; overlay_alpha=&#8220;50&#8243; gutter_size=&#8220;3&#8243; medium_width=&#8220;0&#8243; shift_x=&#8220;0&#8243; [&hellip;]<\/p>\n","protected":false},"author":1,"featured_media":0,"parent":0,"menu_order":29,"comment_status":"closed","ping_status":"closed","template":"","meta":{"footnotes":""},"portfolio_category":[],"class_list":["post-1311","portfolio","type-portfolio","status-publish","hentry"],"_links":{"self":[{"href":"https:\/\/seminar-blaubeuren.de\/index.php\/wp-json\/wp\/v2\/portfolio\/1311","targetHints":{"allow":["GET"]}}],"collection":[{"href":"https:\/\/seminar-blaubeuren.de\/index.php\/wp-json\/wp\/v2\/portfolio"}],"about":[{"href":"https:\/\/seminar-blaubeuren.de\/index.php\/wp-json\/wp\/v2\/types\/portfolio"}],"author":[{"embeddable":true,"href":"https:\/\/seminar-blaubeuren.de\/index.php\/wp-json\/wp\/v2\/users\/1"}],"replies":[{"embeddable":true,"href":"https:\/\/seminar-blaubeuren.de\/index.php\/wp-json\/wp\/v2\/comments?post=1311"}],"version-history":[{"count":4,"href":"https:\/\/seminar-blaubeuren.de\/index.php\/wp-json\/wp\/v2\/portfolio\/1311\/revisions"}],"predecessor-version":[{"id":74432,"href":"https:\/\/seminar-blaubeuren.de\/index.php\/wp-json\/wp\/v2\/portfolio\/1311\/revisions\/74432"}],"wp:attachment":[{"href":"https:\/\/seminar-blaubeuren.de\/index.php\/wp-json\/wp\/v2\/media?parent=1311"}],"wp:term":[{"taxonomy":"portfolio_category","embeddable":true,"href":"https:\/\/seminar-blaubeuren.de\/index.php\/wp-json\/wp\/v2\/portfolio_category?post=1311"}],"curies":[{"name":"wp","href":"https:\/\/api.w.org\/{rel}","templated":true}]}}

<div class="wpb-content-wrapper"><p>[vc_row unlock_row=&#8220;&#8220; row_height_percent=&#8220;15&#8243; override_padding=&#8220;yes&#8220; h_padding=&#8220;0&#8243; top_padding=&#8220;0&#8243; bottom_padding=&#8220;0&#8243; overlay_alpha=&#8220;50&#8243; gutter_size=&#8220;3&#8243; column_width_percent=&#8220;80&#8243; shift_y=&#8220;0&#8243; z_index=&#8220;0&#8243; row_height_use_pixel=&#8220;&#8220; row_name=&#8220;Design&#8220;][vc_column column_width_use_pixel=&#8220;yes&#8220; position_vertical=&#8220;middle&#8220; overlay_alpha=&#8220;50&#8243; gutter_size=&#8220;3&#8243; medium_width=&#8220;0&#8243; shift_x=&#8220;0&#8243; shift_y=&#8220;0&#8243; zoom_width=&#8220;0&#8243; zoom_height=&#8220;0&#8243; width=&#8220;1/1&#8243;][vc_custom_heading heading_semantic=&#8220;h6&#8243; text_transform=&#8220;uppercase&#8220; text_color=&#8220;color-uydo&#8220;]Chor und Vokalensemble[/vc_custom_heading][/vc_column][/vc_row][vc_row unlock_row=&#8220;&#8220; row_height_percent=&#8220;50&#8243; override_padding=&#8220;yes&#8220; h_padding=&#8220;2&#8243; top_padding=&#8220;4&#8243; bottom_padding=&#8220;4&#8243; overlay_alpha=&#8220;50&#8243; gutter_size=&#8220;3&#8243; column_width_percent=&#8220;80&#8243; shift_y=&#8220;0&#8243; z_index=&#8220;0&#8243; row_height_use_pixel=&#8220;&#8220; row_name=&#8220;Development&#8220;][vc_column column_width_use_pixel=&#8220;yes&#8220; overlay_alpha=&#8220;50&#8243; gutter_size=&#8220;3&#8243; medium_width=&#8220;0&#8243; mobile_width=&#8220;0&#8243; shift_x=&#8220;0&#8243; shift_y=&#8220;0&#8243; shift_y_down=&#8220;0&#8243; z_index=&#8220;0&#8243; zoom_width=&#8220;0&#8243; zoom_height=&#8220;0&#8243; width=&#8220;1/1&#8243;][vc_column_text]</p>
<h3>Chor</h3>
<p>Im Chor singen Schülerinnen und Schüler aller Jahrgangsstufen zusammen: Rund 50 Sängerinnen und Sänger erarbeiten hier in wöchentlichen Proben gemeinsam Musik aller Epochen und Stile – sowohl A-Cappella-Literatur, als auch Stücke mit instrumentaler Begleitung. Eine Gesangspädagogin begleitet die Chorarbeit stimmbildnerisch.</p>
<h3>Vokalensemble</h3>
<p>Für die Schülerinnen und Schüler, die gern in noch kleinerer Besetzung und über den Chor hinaus gemeinsam singen wollen, gibt es das Vokalensemble. In den Proben, die einmal in der Woche stattfinden, wird hier an einem Repertoire geprobt, das sich besonders gut für die kammermusikalische Umsetzung eignet.[/vc_column_text][/vc_column][/vc_row]</p>
</div>
