{"id":175,"date":"2018-05-05T17:14:28","date_gmt":"2018-05-05T15:14:28","guid":{"rendered":"http:\/\/seminar-blaubeuren.de\/?page_id=175"},"modified":"2025-12-02T11:16:14","modified_gmt":"2025-12-02T10:16:14","slug":"glaube-und-welt","status":"publish","type":"page","link":"https:\/\/seminar-blaubeuren.de\/index.php\/schule\/schwerpunkte\/glaube-und-welt\/","title":{"rendered":"Glaube und Welt"},"content":{"rendered":"<div class=\"wpb-content-wrapper\"><p>[vc_row][vc_column width=&#8220;2\/3&#8243;][vc_column_text]Das Seminar ist eine Einrichtung der Evangelischen Landeskirche in W\u00fcrttemberg. Offenheit f\u00fcr Fragen des christlichen Glaubens geh\u00f6rt zu den Grundlagen des Seminarlebens.<\/p>\n<p>Viele Semis interessieren sich f\u00fcr Theologie und das Leben des eigenen Glaubens. Jeder Tag beginnt mit einem kurzen Morgenimpuls beim Fr\u00fchst\u00fcck, einmal w\u00f6chentlich findet eine Schulandacht entweder im Gro\u00dfen H\u00f6rsaal oder im Kapitelsaal statt.[\/vc_column_text][\/vc_column][vc_column column_width_percent=&#8220;100&#8243; gutter_size=&#8220;3&#8243; overlay_alpha=&#8220;50&#8243; shift_x=&#8220;0&#8243; shift_y=&#8220;0&#8243; shift_y_down=&#8220;0&#8243; z_index=&#8220;0&#8243; medium_width=&#8220;0&#8243; mobile_width=&#8220;0&#8243; width=&#8220;1\/3&#8243;][vc_single_image media=&#8220;77802&#8243; media_width_percent=&#8220;100&#8243; media_ratio=&#8220;one-one&#8220; uncode_shortcode_id=&#8220;669106&#8243;][\/vc_column][\/vc_row][vc_row][vc_column width=&#8220;1\/3&#8243;][vc_single_image media=&#8220;77841&#8243; media_width_percent=&#8220;100&#8243; uncode_shortcode_id=&#8220;755268&#8243;][\/vc_column][vc_column width=&#8220;2\/3&#8243;][vc_column_text uncode_shortcode_id=&#8220;139507&#8243;]<\/p>\n<div id=\"c77\">\n<div class=\"container container--small\">\n<div class=\"ce-textpic ce-right ce-intext\">\n<div class=\"ce-bodytext margin-bottom-huge\">\n<p>In der Kursstufe werden immer Religionsneigungskurse auf hohem Niveau angeboten.<\/p>\n<p>Eine Besonderheit ist der Seminarkurs in der Klasse 11. Hier werden f\u00e4cher\u00fcbergreifend zwischen Naturwissenschaften, Philosophie und Religion Themen wie \u201eGeist, Gehirn, Seele\u201c , &#8222;Egoismus\/Altruismus&#8220;, \u201eWas ist Gl\u00fcck?\u201c oder &#8222;Natur&#8220; bearbeitet.<\/p>\n<p>Der eigene Glaube darf auch am Seminar Privatsache des Einzelnen bleiben, man trifft hier aber auf viele, die gro\u00dfes und kritisches Interesse an Glaubensfragen haben.<\/p>\n<\/div>\n<\/div>\n<\/div>\n<\/div>\n<p>[\/vc_column_text][\/vc_column][\/vc_row][vc_row][vc_column width=&#8220;1\/1&#8243;][vc_single_image media=&#8220;77830&#8243; media_width_percent=&#8220;100&#8243; uncode_shortcode_id=&#8220;812638&#8243;][\/vc_column][\/vc_row]<\/p>\n<\/div>","protected":false},"excerpt":{"rendered":"<p>[vc_row][vc_column width=&#8220;2\/3&#8243;][vc_column_text]Das Seminar ist eine Einrichtung der Evangelischen Landeskirche in W\u00fcrttemberg. Offenheit f\u00fcr Fragen des christlichen Glaubens geh\u00f6rt zu den [&hellip;]<\/p>\n","protected":false},"author":5,"featured_media":0,"parent":107,"menu_order":70,"comment_status":"closed","ping_status":"closed","template":"","meta":{"footnotes":""},"class_list":["post-175","page","type-page","status-publish","hentry","page_category-schule"],"_links":{"self":[{"href":"https:\/\/seminar-blaubeuren.de\/index.php\/wp-json\/wp\/v2\/pages\/175","targetHints":{"allow":["GET"]}}],"collection":[{"href":"https:\/\/seminar-blaubeuren.de\/index.php\/wp-json\/wp\/v2\/pages"}],"about":[{"href":"https:\/\/seminar-blaubeuren.de\/index.php\/wp-json\/wp\/v2\/types\/page"}],"author":[{"embeddable":true,"href":"https:\/\/seminar-blaubeuren.de\/index.php\/wp-json\/wp\/v2\/users\/5"}],"replies":[{"embeddable":true,"href":"https:\/\/seminar-blaubeuren.de\/index.php\/wp-json\/wp\/v2\/comments?post=175"}],"version-history":[{"count":21,"href":"https:\/\/seminar-blaubeuren.de\/index.php\/wp-json\/wp\/v2\/pages\/175\/revisions"}],"predecessor-version":[{"id":77843,"href":"https:\/\/seminar-blaubeuren.de\/index.php\/wp-json\/wp\/v2\/pages\/175\/revisions\/77843"}],"up":[{"embeddable":true,"href":"https:\/\/seminar-blaubeuren.de\/index.php\/wp-json\/wp\/v2\/pages\/107"}],"wp:attachment":[{"href":"https:\/\/seminar-blaubeuren.de\/index.php\/wp-json\/wp\/v2\/media?parent=175"}],"curies":[{"name":"wp","href":"https:\/\/api.w.org\/{rel}","templated":true}]}}