{"id":140,"date":"2018-05-05T17:07:33","date_gmt":"2018-05-05T15:07:33","guid":{"rendered":"http:\/\/seminar-blaubeuren.de\/?page_id=140"},"modified":"2025-12-12T12:28:39","modified_gmt":"2025-12-12T11:28:39","slug":"besucherinformationen","status":"publish","type":"page","link":"https:\/\/seminar-blaubeuren.de\/index.php\/kloster\/besucherinformationen\/","title":{"rendered":"Besucherinformationen"},"content":{"rendered":"<div class=\"wpb-content-wrapper\"><p>[vc_row][vc_column width=&#8220;1\/1&#8243;][vc_custom_heading]Eintrittspreise[\/vc_custom_heading][vc_column_text uncode_shortcode_id=&#8220;128941&#8243;]<b>Einzelpersonen<\/b><br \/>\nErwachsene: 5,00 EUR<br \/>\nErm\u00e4\u00dfigte: 2,50 EUR<\/p>\n<p>Kombiticket mit Badhaus: 7,00 EUR<\/p>\n<p>Kinder\/Jugendliche unter 18 Jahren sind frei.<\/p>\n<p><b>Gruppen ab 12 Personen<br \/>\n<\/b>Erwachsene: 4,50 EUR<br \/>\nErm\u00e4\u00dfigte: 2,00 EUR<\/p>\n<p><strong>Kostenfreier Eintritt mit der AlbCard<\/strong><\/p>\n<p><em>Weitere Informationen unter <a href=\"http:\/\/www.albcard.de\">www.albcard.de<\/a> oder durch Klick auf das AlbCard-Logo.<\/em>[\/vc_column_text][vc_single_image media=&#8220;78003&#8243; media_width_percent=&#8220;20&#8243; uncode_shortcode_id=&#8220;110144&#8243; media_link=&#8220;url:http%3A%2F%2Fwww.albcard.de|target:_blank&#8220;][vc_custom_heading]F\u00fchrungen[\/vc_custom_heading][vc_column_text uncode_shortcode_id=&#8220;693840&#8243;]nur nach Voranmeldung |\u00a0Buchung \u00fcber die Tourist Information Blaubeuren <a href=\"https:\/\/www.blaubeuren.de\/Fuehrungen\" target=\"_blank\" rel=\"noopener\"><span style=\"text-decoration: underline;\">\u00fcber deren Website<\/span><\/a>, per Mail (tourist@blaubeuren.de) oder telefonisch (07344\/966990).<\/p>\n<p>F\u00fcr mehr Information klicken Sie bitte auf den Titel der F\u00fchrungen.<\/p>\n<p>Sie werden weitergeleitet auf die Homepage der Touristinformation, auf der Sie eine F\u00fchrungsanfrage stellen k\u00f6nnen.<\/p>\n<h4><a href=\"https:\/\/www.blaubeuren.de\/1884?tourId=12\">Klassische Klosterf\u00fchrung<\/a><\/h4>\n<p>Der Rundgang durch die sehr gut erhaltene gotische Klosteranlage beginnt im rippengew\u00f6lbten Kreuzgang, der mit seinen Fenstern den Blick in den Kreuzgarten frei gibt. Brunnenkapelle und Kapitelsaal schlie\u00dfen an, ebenso Petrikapelle, Urbanskapelle und Sakristei mit ihren floralen Deckengem\u00e4lden. Zum Abschluss f\u00fchren wir Sie in den Ende des 15. Jahrhunderts vollendeten Chorraum mit seinem ber\u00fchmten Hochaltar.<\/p>\n<p>Dauer: 1 Stunde<\/p>\n<p>Maximal 25 Teilnehmer<\/p>\n<p>60,00 \u20ac zuz\u00fcgl. Eintritt ins Kloster 2,00 \u20ac \/ Person<\/p>\n<h4><\/h4>\n<h4><a href=\"https:\/\/www.blaubeuren.de\/1884?tourId=13\">Kloster + Badhaus der M\u00f6nche<\/a><\/h4>\n<p>Das Blaubeurer Kloster war eine Welt f\u00fcr sich, die sich auch heute noch zu entdecken lohnt. Kommen Sie mit auf einen Streifzug durch die gesamte Klosteranlage. Gezeigt werden Klosterhof, Klausur mit Kreuzgang und Kreuzgarten, Chor mit Hochaltar und das mittelalterliche Badhaus der M\u00f6nche.<\/p>\n<p>Dauer: 1,5 Stunden<\/p>\n<p>Maximal 25 Teilnehmer<\/p>\n<p>90,00 \u20ac zuz\u00fcgl. 2,00 \u20ac \/ Person<\/p>\n<h4><\/h4>\n<h4><a href=\"https:\/\/www.blaubeuren.de\/1884?tourId=14\">Unterwegs mit Bruder Gregorius &#8211;\u00a0Kost\u00fcmf\u00fchrung<\/a><\/h4>\n<p>Blaubeuren im Jahre 1510: Das Kloster ist umgebaut, der Benediktinerorden ist stolz auf seine neue Klausur und den herrlichen Hochaltar. Obwohl das Kloster eigentlich nur von M\u00f6nchen betreten werden darf, nimmt sich Gregorius der Reisenden an, f\u00fchrt sie durch die gotische Klosteranlage und gew\u00e4hrt dabei Einblicke in den Tagesablauf der M\u00f6nche.<\/p>\n<p>Dauer: 1 Stunde<\/p>\n<p>Maximal 25 Teilnehmer<\/p>\n<p>100,00 \u20ac zuz\u00fcgl. Eintritt ins Kloster 2,00 \u20ac \/ Person<\/p>\n<p>(auch als 90-min\u00fctige F\u00fchrung mit Badhaus f\u00fcr 150,00\u20ac zuz\u00fcgl. Eintritt ins Kloster + Badhaus 4,00\u20ac \/ Person buchbar)<\/p>\n<h4><a href=\"https:\/\/www.blaubeuren.de\/1884?tourId=15\">Mit Schwester Fides im Kr\u00e4utergarten &#8211; Kost\u00fcmf\u00fchrung<\/a><\/h4>\n<p>Nach dem Vorbild mittelalterlicher Klosterg\u00e4rten wurde in den 80er Jahren im Innenhof des Kreuzgangs ein Kr\u00e4utergarten angelegt. Als Heilmittellieferant und Apotheke hatte der kl\u00f6sterliche Kr\u00e4utergarten ma\u00dfgeblichen Einfluss auf den Anbau und die Verbreitung von Pflanzen sowie deren Gebrauch in unterschiedlichen Lebensbereichen.<\/p>\n<p>Schwester Fides stellt Ihnen die besonderen Heilwirkungen der Kr\u00e4uter vor, beschreibt verschiedene Anwendungsgebiete und gibt einen \u00dcberblick \u00fcber die Geschichte der Heilpflanzenkunde.<\/p>\n<p>Dauer: 1 Stunde<\/p>\n<p>Maximal 25 Teilnehmer<\/p>\n<p>100,00 \u20ac zuz\u00fcgl. Eintritt ins Kloster 2,00 \u20ac \/ Person<\/p>\n<h4><a href=\"https:\/\/www.blaubeuren.de\/1884?tourId=27\">Jakobus, der kleine M\u00f6nch &#8211; Kinderf\u00fchrung<\/a><\/h4>\n<p>Wollt ihr wissen, was ein M\u00f6nch im Kloster macht?\u00a0Dann erkundet zusammen mit dem kleinen M\u00f6nch Jakobus die Klosteranlage und lasst Euch von ihm spannende Geschichten aus dem Alltag der M\u00f6nche erz\u00e4hlen: Warum kam Jakobus ins Kloster ? Was schmeckt ihm aus der Klosterk\u00fcche und was gef\u00e4llt ihm gar nicht? Jakobus zeigt Euch sein wertvolles Wachst\u00e4felein und zeigt Euch, wo im Kloster die Zahnb\u00fcrsten wachsen.<\/p>\n<p>Dauer: 1,5 Stunden<\/p>\n<p>Maximal 25 Teilnehmer<\/p>\n<p>150,00 \u20ac<\/p>\n<p>&nbsp;<\/p>\n<h5>Individuelle Vereinbarungen sind m\u00f6glich.<\/h5>\n<h5>Alle F\u00fchrungen sind auch f\u00fcr Schulklassen m\u00f6glich.<\/h5>\n<h5>Au\u00dferhalb der \u00d6ffnungszeiten sind F\u00fchrungen nur nach Absprache und zuz\u00fcglich einer Sonder\u00f6ffnungsgeb\u00fchr m\u00f6glich.<\/h5>\n<p>[\/vc_column_text][\/vc_column][\/vc_row]<\/p>\n<\/div>","protected":false},"excerpt":{"rendered":"<p>[vc_row][vc_column width=&#8220;1\/1&#8243;][vc_custom_heading]Eintrittspreise[\/vc_custom_heading][vc_column_text uncode_shortcode_id=&#8220;128941&#8243;]Einzelpersonen Erwachsene: 5,00 EUR Erm\u00e4\u00dfigte: 2,50 EUR Kombiticket mit Badhaus: 7,00 EUR Kinder\/Jugendliche unter 18 Jahren sind frei. [&hellip;]<\/p>\n","protected":false},"author":5,"featured_media":0,"parent":169,"menu_order":76,"comment_status":"closed","ping_status":"closed","template":"","meta":{"footnotes":""},"class_list":["post-140","page","type-page","status-publish","hentry","page_category-kloster"],"_links":{"self":[{"href":"https:\/\/seminar-blaubeuren.de\/index.php\/wp-json\/wp\/v2\/pages\/140","targetHints":{"allow":["GET"]}}],"collection":[{"href":"https:\/\/seminar-blaubeuren.de\/index.php\/wp-json\/wp\/v2\/pages"}],"about":[{"href":"https:\/\/seminar-blaubeuren.de\/index.php\/wp-json\/wp\/v2\/types\/page"}],"author":[{"embeddable":true,"href":"https:\/\/seminar-blaubeuren.de\/index.php\/wp-json\/wp\/v2\/users\/5"}],"replies":[{"embeddable":true,"href":"https:\/\/seminar-blaubeuren.de\/index.php\/wp-json\/wp\/v2\/comments?post=140"}],"version-history":[{"count":46,"href":"https:\/\/seminar-blaubeuren.de\/index.php\/wp-json\/wp\/v2\/pages\/140\/revisions"}],"predecessor-version":[{"id":79307,"href":"https:\/\/seminar-blaubeuren.de\/index.php\/wp-json\/wp\/v2\/pages\/140\/revisions\/79307"}],"up":[{"embeddable":true,"href":"https:\/\/seminar-blaubeuren.de\/index.php\/wp-json\/wp\/v2\/pages\/169"}],"wp:attachment":[{"href":"https:\/\/seminar-blaubeuren.de\/index.php\/wp-json\/wp\/v2\/media?parent=140"}],"curies":[{"name":"wp","href":"https:\/\/api.w.org\/{rel}","templated":true}]}}