{"id":124,"date":"2018-05-05T17:03:15","date_gmt":"2018-05-05T15:03:15","guid":{"rendered":"http:\/\/seminar-blaubeuren.de\/?page_id=124"},"modified":"2026-03-22T18:12:50","modified_gmt":"2026-03-22T17:12:50","slug":"aufnahme-das-landexamen","status":"publish","type":"page","link":"https:\/\/seminar-blaubeuren.de\/index.php\/semi-werden\/aufnahme-das-landexamen\/","title":{"rendered":"Aufnahme &#8211; Das &#8222;Landexamen&#8220;"},"content":{"rendered":"<div class=\"wpb-content-wrapper\"><p>[vc_row][vc_column width=&#8220;1\/1&#8243;][vc_column_text uncode_shortcode_id=&#8220;209110&#8243;]<span style=\"font-family: -apple-system, BlinkMacSystemFont, 'Segoe UI', Roboto, Oxygen-Sans, Ubuntu, Cantarell, 'Helvetica Neue', sans-serif;\">Die Seminare nehmen Sch\u00fclerinnen und Sch\u00fcler nach Klasse 8 (G8) bzw. nach Klasse 9 (G9) auf. Pro Jahrgang stehen 25 Pl\u00e4tze zur Verf\u00fcgung. Auch ein Quereinstieg, zum Beispiel zu Beginn der Kursstufe, ist m\u00f6glich.<br \/>\nEs gibt jetzt auch Platz f\u00fcr Externe, also f\u00fcr Sch\u00fclerinnen und Sch\u00fcler , die nicht im Internat wohnen werden.<\/span><\/p>\n<p><span style=\"font-family: -apple-system, BlinkMacSystemFont, 'Segoe UI', Roboto, Oxygen-Sans, Ubuntu, Cantarell, 'Helvetica Neue', sans-serif;\">Vor dem Eintritt in das Seminar steht eine Aufnahmepr\u00fcfung: das Landexamen. Dabei handelt es sich um eine dreit\u00e4gige Pr\u00fcfung und Freizeit f\u00fcr interessierte Sch\u00fclerinnen und Sch\u00fcler, die in der Regel Ende Juni \/ Anfang Juli stattfindet.<\/span><\/p>\n<p><span style=\"font-family: -apple-system, BlinkMacSystemFont, 'Segoe UI', Roboto, Oxygen-Sans, Ubuntu, Cantarell, 'Helvetica Neue', sans-serif;\">Beim Landexamen lernt man die anderen Bewerberinnen und Bewerber, die aktuellen Semis und das Internatsleben kennen &#8211; und wir Lehrende erfahren etwas \u00fcber die Neuen, was sie interessiert, was sie schon k\u00f6nnen und was wir an Entwicklungsm\u00f6glichkeiten in ihnen sehen. Es ist also ein gegenseitiges Kennenlernen, bei dem wir schauen, wie gut sich unserem Urteil nach jemand sozial f\u00fcr das Zusammenleben im Internat eignet.<\/span><\/p>\n<p><span style=\"font-family: -apple-system, BlinkMacSystemFont, 'Segoe UI', Roboto, Oxygen-Sans, Ubuntu, Cantarell, 'Helvetica Neue', sans-serif;\">Um einen \u00dcberblick \u00fcber die Leistungen in den Hauptf\u00e4chern zu bekommen, werden Mathematik, Deutsch und Englisch schriftlich gepr\u00fcft.<\/span><\/p>\n<p><span style=\"font-family: -apple-system, BlinkMacSystemFont, 'Segoe UI', Roboto, Oxygen-Sans, Ubuntu, Cantarell, 'Helvetica Neue', sans-serif;\">In evangelischer Religion f\u00fchren wir ein Gespr\u00e4ch, das Pr\u00fcfung und Information zugleich ist. Dazu kommt eine Pr\u00e4sentationspr\u00fcfung wahlweise im Fach Musik (mit Vorspiel), Latein, Franz\u00f6sisch oder Geschichte.<\/span><\/p>\n<p><span style=\"font-family: -apple-system, BlinkMacSystemFont, 'Segoe UI', Roboto, Oxygen-Sans, Ubuntu, Cantarell, 'Helvetica Neue', sans-serif;\"><strong>Das n\u00e4chste Landexamen ist vom 12. bis 15. Juli 2026 geplant.<\/strong><\/span>[\/vc_column_text][\/vc_column][\/vc_row][vc_row row_height_percent=&#8220;0&#8243; back_color=&#8220;color-iopl&#8220; overlay_alpha=&#8220;50&#8243; gutter_size=&#8220;3&#8243; column_width_percent=&#8220;100&#8243; shift_y=&#8220;0&#8243; z_index=&#8220;0&#8243;][vc_column width=&#8220;1\/1&#8243;][vc_column_text uncode_shortcode_id=&#8220;210993&#8243;]<\/p>\n<div id=\"c102\">\n<div class=\"container container--small\">\n<div class=\"ce-textpic ce-center ce-above\">Neben dem regul\u00e4ren Einstieg in die Klasse 9 gibt es bewusst immer einige Pl\u00e4tze f\u00fcr &#8222;Quereinsteiger&#8220;, die meistens zu Beginn der Kursstufe an das Seminar kommen. Die Kursstufe des Seminars findet in enger Kooperation mit dem Joachim-Hahn-Gymnasium in Blaubeuren statt (<span style=\"color: #3366ff;\"><a style=\"color: #3366ff;\" href=\"http:\/\/www.jhg-blaubeuren.de\" target=\"_self\" rel=\"noopener noreferrer\">www.jhg-blaubeuren.de<\/a><\/span>).<\/div>\n<div class=\"ce-textpic ce-center ce-above\">Im Sinne des Schulprofils gilt die &#8222;Seminarregelung&#8220;: Sie besagt, dass die Seminaristinnen und Seminaristen verpflichtet sind, im Abitur entweder eine alte Sprache (Griechisch, Latein oder Hebr\u00e4isch), Religion oder Musik als schriftliches Pr\u00fcfungsfach zu w\u00e4hlen.<\/div>\n<\/div>\n<\/div>\n<p>[\/vc_column_text][\/vc_column][\/vc_row][vc_row][vc_column width=&#8220;1\/1&#8243;][vc_custom_heading heading_semantic=&#8220;h3&#8243; text_size=&#8220;h3&#8243; uncode_shortcode_id=&#8220;624872&#8243;]<\/p>\n<h4><span class=\"font-762333 font-377884\">Hast Du Interesse Sch\u00fclerin oder Sch\u00fcler des Evangelischen Seminars Blaubeuren zu werden?<\/span><\/h4>\n<p>[\/vc_custom_heading][vc_column_text uncode_shortcode_id=&#8220;248144&#8243;]<span class=\"font-762333 font-377884\">Melde Dich zur Aufnahmepr\u00fcfung, dem Landexamen, an. Sende folgende Unterlagen an das Evangelische Seminar Blaubeuren, Frau Schulz, Klosterhof 2, 89143 Blaubeuren:<\/span><\/p>\n<ul>\n<li><span class=\"font-762333 font-377884\" style=\"color: #0000ff;\"><a style=\"color: #0000ff;\" href=\"https:\/\/seminar-blaubeuren.de\/wp-content\/uploads\/2019\/03\/Anmeldeformular-zum-Landexamen.pdf\">Anmeldeformular zum Landexamen<\/a><\/span><\/li>\n<li><span class=\"font-762333 font-377884\" style=\"color: #0000ff;\"><a style=\"color: #0000ff;\" href=\"https:\/\/seminar-blaubeuren.de\/wp-content\/uploads\/2018\/08\/2026_Fragebogen-zur-Gesundheit.pdf\">Fragebogen zur Gesundheit<\/a><\/span><\/li>\n<li><span class=\"font-762333 font-377884\">Von dem\/der Bewerber\/in eigenh\u00e4ndig geschriebenes kurzes Gesuch um Zulassung zum Landexamen mit Angaben sonstiger Interessen, Aktivit\u00e4ten und Hobbies<\/span><\/li>\n<li><span class=\"font-762333 font-377884\">Taufschein oder beglaubigte Abschrift und Fotokopie der Geburtsurkunde<\/span><\/li>\n<li><span class=\"font-762333 font-377884\">Kopie des Abschlusszeugnisses der Klasse 7 und der Halbjahresinformation der Klasse 8<\/span><\/li>\n<\/ul>\n<p><span class=\"font-762333 font-377884\">Nach erfolgter Zulassung zum Landexamen erhalten alle Bewerber\/Innen Informationen und Musteraufgaben zur Pr\u00fcfung.<\/span>[\/vc_column_text][vc_row_inner limit_content=&#8220;&#8220;][vc_column_inner width=&#8220;1\/1&#8243;][\/vc_column_inner][\/vc_row_inner][\/vc_column][\/vc_row]<\/p>\n<\/div>","protected":false},"excerpt":{"rendered":"<p>[vc_row][vc_column width=&#8220;1\/1&#8243;][vc_column_text uncode_shortcode_id=&#8220;209110&#8243;]Die Seminare nehmen Sch\u00fclerinnen und Sch\u00fcler nach Klasse 8 (G8) bzw. nach Klasse 9 (G9) auf. Pro Jahrgang [&hellip;]<\/p>\n","protected":false},"author":5,"featured_media":0,"parent":198,"menu_order":48,"comment_status":"closed","ping_status":"closed","template":"","meta":{"footnotes":""},"class_list":["post-124","page","type-page","status-publish","hentry","page_category-semi-werden"],"_links":{"self":[{"href":"https:\/\/seminar-blaubeuren.de\/index.php\/wp-json\/wp\/v2\/pages\/124","targetHints":{"allow":["GET"]}}],"collection":[{"href":"https:\/\/seminar-blaubeuren.de\/index.php\/wp-json\/wp\/v2\/pages"}],"about":[{"href":"https:\/\/seminar-blaubeuren.de\/index.php\/wp-json\/wp\/v2\/types\/page"}],"author":[{"embeddable":true,"href":"https:\/\/seminar-blaubeuren.de\/index.php\/wp-json\/wp\/v2\/users\/5"}],"replies":[{"embeddable":true,"href":"https:\/\/seminar-blaubeuren.de\/index.php\/wp-json\/wp\/v2\/comments?post=124"}],"version-history":[{"count":49,"href":"https:\/\/seminar-blaubeuren.de\/index.php\/wp-json\/wp\/v2\/pages\/124\/revisions"}],"predecessor-version":[{"id":79429,"href":"https:\/\/seminar-blaubeuren.de\/index.php\/wp-json\/wp\/v2\/pages\/124\/revisions\/79429"}],"up":[{"embeddable":true,"href":"https:\/\/seminar-blaubeuren.de\/index.php\/wp-json\/wp\/v2\/pages\/198"}],"wp:attachment":[{"href":"https:\/\/seminar-blaubeuren.de\/index.php\/wp-json\/wp\/v2\/media?parent=124"}],"curies":[{"name":"wp","href":"https:\/\/api.w.org\/{rel}","templated":true}]}}

<div class="wpb-content-wrapper"><p>[vc_row][vc_column width=&#8220;1/1&#8243;][vc_column_text uncode_shortcode_id=&#8220;209110&#8243;]<span style="font-family: -apple-system, BlinkMacSystemFont, 'Segoe UI', Roboto, Oxygen-Sans, Ubuntu, Cantarell, 'Helvetica Neue', sans-serif;">Die Seminare nehmen Schülerinnen und Schüler nach Klasse 8 (G8) bzw. nach Klasse 9 (G9) auf. Pro Jahrgang stehen 25 Plätze zur Verfügung. Auch ein Quereinstieg, zum Beispiel zu Beginn der Kursstufe, ist möglich.<br />
Es gibt jetzt auch Platz für Externe, also für Schülerinnen und Schüler , die nicht im Internat wohnen werden.</span></p>
<p><span style="font-family: -apple-system, BlinkMacSystemFont, 'Segoe UI', Roboto, Oxygen-Sans, Ubuntu, Cantarell, 'Helvetica Neue', sans-serif;">Vor dem Eintritt in das Seminar steht eine Aufnahmeprüfung: das Landexamen. Dabei handelt es sich um eine dreitägige Prüfung und Freizeit für interessierte Schülerinnen und Schüler, die in der Regel Ende Juni / Anfang Juli stattfindet.</span></p>
<p><span style="font-family: -apple-system, BlinkMacSystemFont, 'Segoe UI', Roboto, Oxygen-Sans, Ubuntu, Cantarell, 'Helvetica Neue', sans-serif;">Beim Landexamen lernt man die anderen Bewerberinnen und Bewerber, die aktuellen Semis und das Internatsleben kennen &#8211; und wir Lehrende erfahren etwas über die Neuen, was sie interessiert, was sie schon können und was wir an Entwicklungsmöglichkeiten in ihnen sehen. Es ist also ein gegenseitiges Kennenlernen, bei dem wir schauen, wie gut sich unserem Urteil nach jemand sozial für das Zusammenleben im Internat eignet.</span></p>
<p><span style="font-family: -apple-system, BlinkMacSystemFont, 'Segoe UI', Roboto, Oxygen-Sans, Ubuntu, Cantarell, 'Helvetica Neue', sans-serif;">Um einen Überblick über die Leistungen in den Hauptfächern zu bekommen, werden Mathematik, Deutsch und Englisch schriftlich geprüft.</span></p>
<p><span style="font-family: -apple-system, BlinkMacSystemFont, 'Segoe UI', Roboto, Oxygen-Sans, Ubuntu, Cantarell, 'Helvetica Neue', sans-serif;">In evangelischer Religion führen wir ein Gespräch, das Prüfung und Information zugleich ist. Dazu kommt eine Präsentationsprüfung wahlweise im Fach Musik (mit Vorspiel), Latein, Französisch oder Geschichte.</span></p>
<p><span style="font-family: -apple-system, BlinkMacSystemFont, 'Segoe UI', Roboto, Oxygen-Sans, Ubuntu, Cantarell, 'Helvetica Neue', sans-serif;"><strong>Das nächste Landexamen ist vom 12. bis 15. Juli 2026 geplant.</strong></span>[/vc_column_text][/vc_column][/vc_row][vc_row row_height_percent=&#8220;0&#8243; back_color=&#8220;color-iopl&#8220; overlay_alpha=&#8220;50&#8243; gutter_size=&#8220;3&#8243; column_width_percent=&#8220;100&#8243; shift_y=&#8220;0&#8243; z_index=&#8220;0&#8243;][vc_column width=&#8220;1/1&#8243;][vc_column_text uncode_shortcode_id=&#8220;210993&#8243;]</p>
<div id="c102">
<div class="container container--small">
<div class="ce-textpic ce-center ce-above">Neben dem regulären Einstieg in die Klasse 9 gibt es bewusst immer einige Plätze für &#8222;Quereinsteiger&#8220;, die meistens zu Beginn der Kursstufe an das Seminar kommen. Die Kursstufe des Seminars findet in enger Kooperation mit dem Joachim-Hahn-Gymnasium in Blaubeuren statt (<span style="color: #3366ff;"><a style="color: #3366ff;" href="http://www.jhg-blaubeuren.de" target="_self" rel="noopener noreferrer">www.jhg-blaubeuren.de</a></span>).</div>
<div class="ce-textpic ce-center ce-above">Im Sinne des Schulprofils gilt die &#8222;Seminarregelung&#8220;: Sie besagt, dass die Seminaristinnen und Seminaristen verpflichtet sind, im Abitur entweder eine alte Sprache (Griechisch, Latein oder Hebräisch), Religion oder Musik als schriftliches Prüfungsfach zu wählen.</div>
</div>
</div>
<p>[/vc_column_text][/vc_column][/vc_row][vc_row][vc_column width=&#8220;1/1&#8243;][vc_custom_heading heading_semantic=&#8220;h3&#8243; text_size=&#8220;h3&#8243; uncode_shortcode_id=&#8220;624872&#8243;]</p>
<h4><span class="font-762333 font-377884">Hast Du Interesse Schülerin oder Schüler des Evangelischen Seminars Blaubeuren zu werden?</span></h4>
<p>[/vc_custom_heading][vc_column_text uncode_shortcode_id=&#8220;248144&#8243;]<span class="font-762333 font-377884">Melde Dich zur Aufnahmeprüfung, dem Landexamen, an. Sende folgende Unterlagen an das Evangelische Seminar Blaubeuren, Frau Schulz, Klosterhof 2, 89143 Blaubeuren:</span></p>
<ul>
<li><span class="font-762333 font-377884" style="color: #0000ff;"><a style="color: #0000ff;" href="https://seminar-blaubeuren.de/wp-content/uploads/2019/03/Anmeldeformular-zum-Landexamen.pdf">Anmeldeformular zum Landexamen</a></span></li>
<li><span class="font-762333 font-377884" style="color: #0000ff;"><a style="color: #0000ff;" href="https://seminar-blaubeuren.de/wp-content/uploads/2018/08/2026_Fragebogen-zur-Gesundheit.pdf">Fragebogen zur Gesundheit</a></span></li>
<li><span class="font-762333 font-377884">Von dem/der Bewerber/in eigenhändig geschriebenes kurzes Gesuch um Zulassung zum Landexamen mit Angaben sonstiger Interessen, Aktivitäten und Hobbies</span></li>
<li><span class="font-762333 font-377884">Taufschein oder beglaubigte Abschrift und Fotokopie der Geburtsurkunde</span></li>
<li><span class="font-762333 font-377884">Kopie des Abschlusszeugnisses der Klasse 7 und der Halbjahresinformation der Klasse 8</span></li>
</ul>
<p><span class="font-762333 font-377884">Nach erfolgter Zulassung zum Landexamen erhalten alle Bewerber/Innen Informationen und Musteraufgaben zur Prüfung.</span>[/vc_column_text][vc_row_inner limit_content=&#8220;&#8220;][vc_column_inner width=&#8220;1/1&#8243;][/vc_column_inner][/vc_row_inner][/vc_column][/vc_row]</p>
</div>

<p>[vc_row][vc_column width=&#8220;1/1&#8243;][vc_column_text uncode_shortcode_id=&#8220;209110&#8243;]Die Seminare nehmen Schülerinnen und Schüler nach Klasse 8 (G8) bzw. nach Klasse 9 (G9) auf. Pro Jahrgang [&hellip;]</p>
