{"id":121,"date":"2018-05-05T17:02:47","date_gmt":"2018-05-05T15:02:47","guid":{"rendered":"http:\/\/seminar-blaubeuren.de\/?page_id=121"},"modified":"2025-12-02T11:16:15","modified_gmt":"2025-12-02T10:16:15","slug":"leben-im-semi","status":"publish","type":"page","link":"https:\/\/seminar-blaubeuren.de\/index.php\/internat\/leben-im-semi\/","title":{"rendered":"Leben im Semi"},"content":{"rendered":"<div class=\"wpb-content-wrapper\"><p>[vc_row][vc_column width=&#8220;1\/1&#8243;][vc_gallery el_id=&#8220;gallery-204903&#8243; type=&#8220;carousel&#8220; medias=&#8220;74167,74153,74134,73583,74144,74143,73571,73582,74145,73575,73581,73563,74156,74139,74138,74135,73561,74140,74136,73578,74141,74157,74158,74159,74160,74163,74164,74165,74162,74161,74155,74146,74147,74148,74149,74142,74133,74132,74154,74152,74151,74150,74137&#8243; carousel_lg=&#8220;3&#8243; carousel_md=&#8220;3&#8243; carousel_sm=&#8220;1&#8243; thumb_size=&#8220;one-one&#8220; gutter_size=&#8220;3&#8243; media_items=&#8220;media|lightbox|original,icon,caption&#8220; carousel_height=&#8220;equal&#8220; carousel_interval=&#8220;3000&#8243; carousel_navspeed=&#8220;400&#8243; stage_padding=&#8220;0&#8243; single_text=&#8220;under&#8220; single_overlay_opacity=&#8220;50&#8243; single_padding=&#8220;2&#8243; lbox_caption=&#8220;yes&#8220;][vc_column_text]Im Klosterhof befinden sich verschiedene Zonen innerhalb des Seminars: vom strenger \u00fcberwachten Altbau der Mittelstufe, in dem die Nachtlehrerin oder der Nachtlehrer \u00fcbernachtet, zum offeneren Forstamt der Klasse 11 mit zwei Lehrerwohnungen hin zum Neubau der Klasse 12 mit Einzelzimmern. Das p\u00e4dagogische Prinzip der aufsteigenden Selbstst\u00e4ndigkeit der Sch\u00fclerinnen und Sch\u00fcler wird somit auch bei den Schlaftrakten deutlich.<\/p>\n<p>In allen drei Seminargeb\u00e4uden findet man die gleichen sch\u00f6nen B\u00e4der. Sch\u00fcler- und Lehrerzimmer sind mit identischem Mobiliar ausgestattet. Neben der Klostertradition ging es dabei auch um Nachhaltigkeit: Die bewusst schlicht gestalteten M\u00f6bel sollen unabh\u00e4ngig von Modetrends lange nutzbar bleiben.[\/vc_column_text][\/vc_column][\/vc_row]<\/p>\n<\/div>","protected":false},"excerpt":{"rendered":"<p>[vc_row][vc_column width=&#8220;1\/1&#8243;][vc_gallery el_id=&#8220;gallery-204903&#8243; type=&#8220;carousel&#8220; medias=&#8220;74167,74153,74134,73583,74144,74143,73571,73582,74145,73575,73581,73563,74156,74139,74138,74135,73561,74140,74136,73578,74141,74157,74158,74159,74160,74163,74164,74165,74162,74161,74155,74146,74147,74148,74149,74142,74133,74132,74154,74152,74151,74150,74137&#8243; carousel_lg=&#8220;3&#8243; carousel_md=&#8220;3&#8243; carousel_sm=&#8220;1&#8243; thumb_size=&#8220;one-one&#8220; gutter_size=&#8220;3&#8243; media_items=&#8220;media|lightbox|original,icon,caption&#8220; carousel_height=&#8220;equal&#8220; carousel_interval=&#8220;3000&#8243; carousel_navspeed=&#8220;400&#8243; stage_padding=&#8220;0&#8243; single_text=&#8220;under&#8220; single_overlay_opacity=&#8220;50&#8243; single_padding=&#8220;2&#8243; lbox_caption=&#8220;yes&#8220;][vc_column_text]Im Klosterhof [&hellip;]<\/p>\n","protected":false},"author":5,"featured_media":0,"parent":165,"menu_order":57,"comment_status":"closed","ping_status":"closed","template":"","meta":{"footnotes":""},"class_list":["post-121","page","type-page","status-publish","hentry","page_category-internat"],"_links":{"self":[{"href":"https:\/\/seminar-blaubeuren.de\/index.php\/wp-json\/wp\/v2\/pages\/121","targetHints":{"allow":["GET"]}}],"collection":[{"href":"https:\/\/seminar-blaubeuren.de\/index.php\/wp-json\/wp\/v2\/pages"}],"about":[{"href":"https:\/\/seminar-blaubeuren.de\/index.php\/wp-json\/wp\/v2\/types\/page"}],"author":[{"embeddable":true,"href":"https:\/\/seminar-blaubeuren.de\/index.php\/wp-json\/wp\/v2\/users\/5"}],"replies":[{"embeddable":true,"href":"https:\/\/seminar-blaubeuren.de\/index.php\/wp-json\/wp\/v2\/comments?post=121"}],"version-history":[{"count":18,"href":"https:\/\/seminar-blaubeuren.de\/index.php\/wp-json\/wp\/v2\/pages\/121\/revisions"}],"predecessor-version":[{"id":73479,"href":"https:\/\/seminar-blaubeuren.de\/index.php\/wp-json\/wp\/v2\/pages\/121\/revisions\/73479"}],"up":[{"embeddable":true,"href":"https:\/\/seminar-blaubeuren.de\/index.php\/wp-json\/wp\/v2\/pages\/165"}],"wp:attachment":[{"href":"https:\/\/seminar-blaubeuren.de\/index.php\/wp-json\/wp\/v2\/media?parent=121"}],"curies":[{"name":"wp","href":"https:\/\/api.w.org\/{rel}","templated":true}]}}