{"id":117,"date":"2018-05-05T17:01:56","date_gmt":"2018-05-05T15:01:56","guid":{"rendered":"http:\/\/seminar-blaubeuren.de\/?page_id=117"},"modified":"2025-12-02T11:16:15","modified_gmt":"2025-12-02T10:16:15","slug":"freizeit","status":"publish","type":"page","link":"https:\/\/seminar-blaubeuren.de\/index.php\/internat\/freizeit\/","title":{"rendered":"Freizeit"},"content":{"rendered":"<div class=\"wpb-content-wrapper\"><p>[vc_row][vc_column width=&#8220;1\/1&#8243;][vc_column_text]<\/p>\n<div id=\"c116\">\n<div class=\"container container--small\">\n<div class=\"ce-textpic ce-right ce-intext\">\n<div class=\"ce-bodytext margin-bottom-huge\">\n<p><span class=\"font-377884\">Nat\u00fcrlich besteht ein Internatsleben nicht nur aus Schule, Schlafen und Lernen. Die Freizeit darf dabei nicht zu kurz kommen.<\/span><\/p>\n<p><span class=\"font-377884\">W\u00e4hrend der Woche gibt es zahlreiche <span style=\"color: #0000ff;\"><a style=\"color: #0000ff;\" href=\"http:\/\/seminar-blaubeuren.de\/index.php\/arbeitsgemeinschaften\/\">Arbeitsgemeinschaften,<\/a> <\/span><\/span><span class=\"font-377884\" style=\"color: #000000;\">z.B. Sport-AG oder Theater-AG. <\/span><span class=\"font-377884\">An den Heimwochenenden werden von der Tageslehrerin oder dem Tageslehrer verschiedene Aktivit\u00e4ten angeboten. <\/span><\/p>\n<\/div>\n<p class=\"ce-bodytext margin-bottom-huge\"><span class=\"font-377884\">In unmittelbarer N\u00e4he des Klosters gibt ein Hallenbad und ein Freibad, wo man sich das ganze Jahr fit halten kann. Es gibt eine Stadtb\u00fccherei mit aktuellen B\u00fcchern und anderen Medien, Fitnessstudios und viele Vereine.<br \/>\n<\/span><\/p>\n<p class=\"ce-bodytext margin-bottom-huge\"><span class=\"font-377884\">Wem das nicht ausreicht, kann in 11 Minuten mit dem Zug in die nahe gelegene Studentenstadt Ulm fahren. Nach vorheriger Absprache mit der jeweiligen Tageslehrerin oder dem jeweiligen Tageslehrer spricht auch nichts gegen einen gelegentlichen abendlichen\u00a0Besuch im Theater oder einem der vielen Kinos.<br \/>\n<\/span><span class=\"font-377884\">Zudem gibt es hervorragende M\u00f6glichkeiten zum Felsklettern in unmittelbarer Umgebung des Klosters.<\/span><\/p>\n<\/div>\n<\/div>\n<\/div>\n<p>[\/vc_column_text][\/vc_column][\/vc_row]<\/p>\n<\/div>","protected":false},"excerpt":{"rendered":"<p>[vc_row][vc_column width=&#8220;1\/1&#8243;][vc_column_text] Nat\u00fcrlich besteht ein Internatsleben nicht nur aus Schule, Schlafen und Lernen. Die Freizeit darf dabei nicht zu kurz [&hellip;]<\/p>\n","protected":false},"author":5,"featured_media":0,"parent":165,"menu_order":60,"comment_status":"closed","ping_status":"closed","template":"","meta":{"footnotes":""},"class_list":["post-117","page","type-page","status-publish","hentry","page_category-internat"],"_links":{"self":[{"href":"https:\/\/seminar-blaubeuren.de\/index.php\/wp-json\/wp\/v2\/pages\/117","targetHints":{"allow":["GET"]}}],"collection":[{"href":"https:\/\/seminar-blaubeuren.de\/index.php\/wp-json\/wp\/v2\/pages"}],"about":[{"href":"https:\/\/seminar-blaubeuren.de\/index.php\/wp-json\/wp\/v2\/types\/page"}],"author":[{"embeddable":true,"href":"https:\/\/seminar-blaubeuren.de\/index.php\/wp-json\/wp\/v2\/users\/5"}],"replies":[{"embeddable":true,"href":"https:\/\/seminar-blaubeuren.de\/index.php\/wp-json\/wp\/v2\/comments?post=117"}],"version-history":[{"count":12,"href":"https:\/\/seminar-blaubeuren.de\/index.php\/wp-json\/wp\/v2\/pages\/117\/revisions"}],"predecessor-version":[{"id":74070,"href":"https:\/\/seminar-blaubeuren.de\/index.php\/wp-json\/wp\/v2\/pages\/117\/revisions\/74070"}],"up":[{"embeddable":true,"href":"https:\/\/seminar-blaubeuren.de\/index.php\/wp-json\/wp\/v2\/pages\/165"}],"wp:attachment":[{"href":"https:\/\/seminar-blaubeuren.de\/index.php\/wp-json\/wp\/v2\/media?parent=117"}],"curies":[{"name":"wp","href":"https:\/\/api.w.org\/{rel}","templated":true}]}}