{"id":115,"date":"2018-05-05T17:01:34","date_gmt":"2018-05-05T15:01:34","guid":{"rendered":"http:\/\/seminar-blaubeuren.de\/?page_id=115"},"modified":"2025-12-02T11:16:15","modified_gmt":"2025-12-02T10:16:15","slug":"lernen-am-semi","status":"publish","type":"page","link":"https:\/\/seminar-blaubeuren.de\/index.php\/internat\/lernen-am-semi\/","title":{"rendered":"Lernen am Semi"},"content":{"rendered":"<div class=\"wpb-content-wrapper\"><p>[vc_row][vc_column width=&#8220;1\/2&#8243;][vc_column_text]<\/p>\n<div id=\"c21\">\n<div class=\"container container--small\">\n<div class=\"ce-textpic ce-center ce-above\">\n<div class=\"ce-bodytext margin-bottom-huge\">\n<p>Alle Klassenzimmer sind mit Beamer und Internetzugang ausgestattet, viele zus\u00e4tzlich mit einer Dokumentenkamera.<\/p>\n<p>Neben dem gro\u00dfz\u00fcgigen Gel\u00e4nde, das zum Entspannen einl\u00e4dt, gibt es auch viele kleine Ecken, in denen man lernen kann.<\/p>\n<p>Das Lernen in Klasse 9 und 10 wird durch eine von Lehrerinnen und Lehrern betreute verpflichtende Arbeitszeit (AZ) von Montag bis Donnerstag unterst\u00fctzt.<\/p>\n<p>In\u00a0 Zweier- oder Dreierarbeitszimmern im Dorment lernen die Sch\u00fclerinnen und Sch\u00fcler der Klasse 9 und 10. Die Aufteilung dieser Arbeitszimmer wird von ihnen selbst organisiert. Jungen und M\u00e4dchen d\u00fcrfen hier gemeinsame Zimmer haben. Der nach Geschlechtern getrennte Schlaftrakt ist als R\u00fcckzugsort gedacht.<\/p>\n<p>Die Sch\u00fclerinnen und Sch\u00fcler in Klasse 11 und 12 haben in ihren Zimmern einen Arbeitsplatz.<\/p>\n<\/div>\n<\/div>\n<\/div>\n<\/div>\n<p>[\/vc_column_text][\/vc_column][vc_column width=&#8220;1\/2&#8243;][vc_single_image media=&#8220;77835&#8243; media_width_percent=&#8220;100&#8243; uncode_shortcode_id=&#8220;826787&#8243;][\/vc_column][\/vc_row]<\/p>\n<\/div>","protected":false},"excerpt":{"rendered":"<p>[vc_row][vc_column width=&#8220;1\/2&#8243;][vc_column_text] Alle Klassenzimmer sind mit Beamer und Internetzugang ausgestattet, viele zus\u00e4tzlich mit einer Dokumentenkamera. Neben dem gro\u00dfz\u00fcgigen Gel\u00e4nde, das [&hellip;]<\/p>\n","protected":false},"author":5,"featured_media":0,"parent":165,"menu_order":62,"comment_status":"closed","ping_status":"closed","template":"","meta":{"footnotes":""},"class_list":["post-115","page","type-page","status-publish","hentry","page_category-internat"],"_links":{"self":[{"href":"https:\/\/seminar-blaubeuren.de\/index.php\/wp-json\/wp\/v2\/pages\/115","targetHints":{"allow":["GET"]}}],"collection":[{"href":"https:\/\/seminar-blaubeuren.de\/index.php\/wp-json\/wp\/v2\/pages"}],"about":[{"href":"https:\/\/seminar-blaubeuren.de\/index.php\/wp-json\/wp\/v2\/types\/page"}],"author":[{"embeddable":true,"href":"https:\/\/seminar-blaubeuren.de\/index.php\/wp-json\/wp\/v2\/users\/5"}],"replies":[{"embeddable":true,"href":"https:\/\/seminar-blaubeuren.de\/index.php\/wp-json\/wp\/v2\/comments?post=115"}],"version-history":[{"count":12,"href":"https:\/\/seminar-blaubeuren.de\/index.php\/wp-json\/wp\/v2\/pages\/115\/revisions"}],"predecessor-version":[{"id":78745,"href":"https:\/\/seminar-blaubeuren.de\/index.php\/wp-json\/wp\/v2\/pages\/115\/revisions\/78745"}],"up":[{"embeddable":true,"href":"https:\/\/seminar-blaubeuren.de\/index.php\/wp-json\/wp\/v2\/pages\/165"}],"wp:attachment":[{"href":"https:\/\/seminar-blaubeuren.de\/index.php\/wp-json\/wp\/v2\/media?parent=115"}],"curies":[{"name":"wp","href":"https:\/\/api.w.org\/{rel}","templated":true}]}}