{"id":113,"date":"2018-05-05T17:01:01","date_gmt":"2018-05-05T15:01:01","guid":{"rendered":"http:\/\/seminar-blaubeuren.de\/?page_id=113"},"modified":"2025-12-02T11:16:15","modified_gmt":"2025-12-02T10:16:15","slug":"tagesablauf","status":"publish","type":"page","link":"https:\/\/seminar-blaubeuren.de\/index.php\/internat\/tagesablauf\/","title":{"rendered":"Tagesablauf"},"content":{"rendered":"<div class=\"wpb-content-wrapper\"><p>[vc_row][vc_column width=&#8220;1\/1&#8243;][vc_column_text]Am Seminar ist kein Tag wie der andere. Verschiedene Angebote und die Gemeinschaft mit den Freunden machen jeden Tag neu und anders.<\/p>\n<p>Nichtsdestotrotz gibt es nat\u00fcrlich eine gewisse allt\u00e4gliche Struktur, in die sich der Tag gliedert.[\/vc_column_text][vc_row_inner row_inner_height_percent=&#8220;10&#8243; back_color=&#8220;color-iopl&#8220; overlay_alpha=&#8220;50&#8243; equal_height=&#8220;yes&#8220; gutter_size=&#8220;0&#8243; shift_y=&#8220;0&#8243; z_index=&#8220;0&#8243;][vc_column_inner column_width_percent=&#8220;100&#8243; position_vertical=&#8220;middle&#8220; align_horizontal=&#8220;align_center&#8220; style=&#8220;dark&#8220; gutter_size=&#8220;3&#8243; overlay_alpha=&#8220;50&#8243; medium_width=&#8220;0&#8243; mobile_width=&#8220;0&#8243; shift_x=&#8220;0&#8243; shift_y=&#8220;0&#8243; shift_y_down=&#8220;0&#8243; z_index=&#8220;0&#8243; width=&#8220;1\/4&#8243;][vc_custom_heading heading_semantic=&#8220;h6&#8243; text_size=&#8220;&#8220; text_transform=&#8220;capitalize&#8220; text_color=&#8220;color-xsdn&#8220;]<\/p>\n<h4>6.30 &#8211; 7.00<\/h4>\n<p>[\/vc_custom_heading][\/vc_column_inner][vc_column_inner column_width_percent=&#8220;100&#8243; position_vertical=&#8220;middle&#8220; gutter_size=&#8220;3&#8243; overlay_alpha=&#8220;50&#8243; medium_width=&#8220;0&#8243; mobile_width=&#8220;0&#8243; shift_x=&#8220;0&#8243; shift_y=&#8220;0&#8243; shift_y_down=&#8220;0&#8243; z_index=&#8220;0&#8243; width=&#8220;3\/4&#8243;][vc_column_text]Drrrr! Drrinng! B\u00e4h! Der Wecker klingelt und es ist Zeit zum Aufstehen. Von uns Sch\u00fclerinnen und Sch\u00fclern nat\u00fcrlich immer als zu fr\u00fch empfunden. Aber durch das Wegfallen des ja oft weiten Schulweges lassen sich dann doch noch ein paar Minuten Schlaf gewinnen.[\/vc_column_text][\/vc_column_inner][\/vc_row_inner][vc_row_inner row_inner_height_percent=&#8220;10&#8243; back_color=&#8220;color-zsdf&#8220; overlay_alpha=&#8220;50&#8243; gutter_size=&#8220;0&#8243; shift_y=&#8220;0&#8243; z_index=&#8220;0&#8243;][vc_column_inner column_width_percent=&#8220;100&#8243; position_vertical=&#8220;middle&#8220; align_horizontal=&#8220;align_center&#8220; style=&#8220;dark&#8220; gutter_size=&#8220;3&#8243; overlay_alpha=&#8220;50&#8243; medium_width=&#8220;0&#8243; mobile_width=&#8220;0&#8243; shift_x=&#8220;0&#8243; shift_y=&#8220;0&#8243; shift_y_down=&#8220;0&#8243; z_index=&#8220;0&#8243; width=&#8220;1\/4&#8243;][vc_custom_heading heading_semantic=&#8220;h6&#8243; text_size=&#8220;&#8220; text_transform=&#8220;capitalize&#8220; text_color=&#8220;color-xsdn&#8220;]<\/p>\n<h4>7:00 &#8211; 7:45<\/h4>\n<p>[\/vc_custom_heading][\/vc_column_inner][vc_column_inner column_width_percent=&#8220;100&#8243; position_vertical=&#8220;middle&#8220; gutter_size=&#8220;3&#8243; overlay_alpha=&#8220;50&#8243; medium_width=&#8220;0&#8243; mobile_width=&#8220;0&#8243; shift_x=&#8220;0&#8243; shift_y=&#8220;0&#8243; shift_y_down=&#8220;0&#8243; z_index=&#8220;0&#8243; width=&#8220;3\/4&#8243;][vc_column_text]Der erste Lichtblick des Tages: es gibt Fr\u00fchst\u00fcck. Am Fr\u00fchst\u00fccksbuffet kann sich jede und jeder bei Obst, M\u00fcsli und &#8211; mehrmals in der Woche &#8211; an Br\u00f6tchen st\u00e4rken.[\/vc_column_text][\/vc_column_inner][\/vc_row_inner][vc_row_inner row_inner_height_percent=&#8220;10&#8243; back_color=&#8220;color-zsdf&#8220; overlay_color=&#8220;color-iopl&#8220; overlay_alpha=&#8220;50&#8243; gutter_size=&#8220;3&#8243; shift_y=&#8220;0&#8243; z_index=&#8220;0&#8243;][vc_column_inner column_width_percent=&#8220;100&#8243; position_vertical=&#8220;middle&#8220; align_horizontal=&#8220;align_center&#8220; style=&#8220;dark&#8220; gutter_size=&#8220;3&#8243; overlay_alpha=&#8220;50&#8243; medium_width=&#8220;0&#8243; mobile_width=&#8220;0&#8243; shift_x=&#8220;0&#8243; shift_y=&#8220;0&#8243; shift_y_down=&#8220;0&#8243; z_index=&#8220;0&#8243; width=&#8220;1\/4&#8243;][vc_custom_heading heading_semantic=&#8220;h6&#8243; text_size=&#8220;&#8220; text_transform=&#8220;capitalize&#8220; text_color=&#8220;color-xsdn&#8220;]<\/p>\n<h4>7:15<\/h4>\n<p>[\/vc_custom_heading][\/vc_column_inner][vc_column_inner column_width_percent=&#8220;100&#8243; position_vertical=&#8220;middle&#8220; gutter_size=&#8220;3&#8243; overlay_alpha=&#8220;50&#8243; medium_width=&#8220;0&#8243; mobile_width=&#8220;0&#8243; shift_x=&#8220;0&#8243; shift_y=&#8220;0&#8243; shift_y_down=&#8220;0&#8243; z_index=&#8220;0&#8243; width=&#8220;3\/4&#8243;][vc_column_text]Der vom Tageslehrer gehaltene Morgenimpuls &#8211; f\u00fcr 9er und 10er ist die Anwesenheit verpflichtend &#8211; gibt einen Denkansto\u00df f\u00fcr den Tag.[\/vc_column_text][\/vc_column_inner][\/vc_row_inner][vc_row_inner row_inner_height_percent=&#8220;10&#8243; back_color=&#8220;color-zsdf&#8220; overlay_alpha=&#8220;50&#8243; gutter_size=&#8220;3&#8243; shift_y=&#8220;0&#8243; z_index=&#8220;0&#8243;][vc_column_inner column_width_percent=&#8220;100&#8243; position_vertical=&#8220;middle&#8220; align_horizontal=&#8220;align_center&#8220; style=&#8220;dark&#8220; gutter_size=&#8220;3&#8243; overlay_alpha=&#8220;50&#8243; medium_width=&#8220;0&#8243; mobile_width=&#8220;0&#8243; shift_x=&#8220;0&#8243; shift_y=&#8220;0&#8243; shift_y_down=&#8220;0&#8243; z_index=&#8220;0&#8243; width=&#8220;1\/4&#8243;][vc_custom_heading heading_semantic=&#8220;h6&#8243; text_size=&#8220;&#8220; text_transform=&#8220;capitalize&#8220; text_color=&#8220;color-xsdn&#8220;]<\/p>\n<h4>7:45<\/h4>\n<p>[\/vc_custom_heading][\/vc_column_inner][vc_column_inner column_width_percent=&#8220;100&#8243; position_vertical=&#8220;middle&#8220; gutter_size=&#8220;3&#8243; overlay_alpha=&#8220;50&#8243; medium_width=&#8220;0&#8243; mobile_width=&#8220;0&#8243; shift_x=&#8220;0&#8243; shift_y=&#8220;0&#8243; shift_y_down=&#8220;0&#8243; z_index=&#8220;0&#8243; width=&#8220;3\/4&#8243;][vc_column_text]Der Unterricht beginnt &#8211; in der Regel gibt es Doppelstunden.[\/vc_column_text][\/vc_column_inner][\/vc_row_inner][vc_row_inner row_inner_height_percent=&#8220;10&#8243; back_color=&#8220;color-iopl&#8220; overlay_alpha=&#8220;50&#8243; gutter_size=&#8220;3&#8243; shift_y=&#8220;0&#8243; z_index=&#8220;0&#8243;][vc_column_inner column_width_percent=&#8220;100&#8243; position_vertical=&#8220;middle&#8220; align_horizontal=&#8220;align_center&#8220; style=&#8220;dark&#8220; gutter_size=&#8220;3&#8243; overlay_alpha=&#8220;50&#8243; medium_width=&#8220;0&#8243; mobile_width=&#8220;0&#8243; shift_x=&#8220;0&#8243; shift_y=&#8220;0&#8243; shift_y_down=&#8220;0&#8243; z_index=&#8220;0&#8243; width=&#8220;1\/4&#8243;][vc_custom_heading heading_semantic=&#8220;h6&#8243; text_size=&#8220;&#8220; text_transform=&#8220;capitalize&#8220; text_color=&#8220;color-xsdn&#8220;]<\/p>\n<h4>9:15-9:35<\/h4>\n<p>[\/vc_custom_heading][\/vc_column_inner][vc_column_inner column_width_percent=&#8220;100&#8243; position_vertical=&#8220;middle&#8220; gutter_size=&#8220;3&#8243; overlay_alpha=&#8220;50&#8243; medium_width=&#8220;0&#8243; mobile_width=&#8220;0&#8243; shift_x=&#8220;0&#8243; shift_y=&#8220;0&#8243; shift_y_down=&#8220;0&#8243; z_index=&#8220;0&#8243; width=&#8220;3\/4&#8243;][vc_column_text]&#8220;Geier&#8220; &#8211; das zweite Fr\u00fchst\u00fcck. Der Name leitet sich aus dem Verhalten der Sch\u00fclerinnen und Sch\u00fcler ab, die sich freudig auf das Essen st\u00fcrzen.[\/vc_column_text][\/vc_column_inner][\/vc_row_inner][vc_row_inner row_inner_height_percent=&#8220;10&#8243; back_color=&#8220;color-zsdf&#8220; overlay_alpha=&#8220;50&#8243; gutter_size=&#8220;3&#8243; shift_y=&#8220;0&#8243; z_index=&#8220;0&#8243;][vc_column_inner column_width_percent=&#8220;100&#8243; position_vertical=&#8220;middle&#8220; align_horizontal=&#8220;align_center&#8220; style=&#8220;dark&#8220; gutter_size=&#8220;3&#8243; overlay_alpha=&#8220;50&#8243; medium_width=&#8220;0&#8243; mobile_width=&#8220;0&#8243; shift_x=&#8220;0&#8243; shift_y=&#8220;0&#8243; shift_y_down=&#8220;0&#8243; z_index=&#8220;0&#8243; width=&#8220;1\/4&#8243;][vc_custom_heading heading_semantic=&#8220;h6&#8243; text_size=&#8220;&#8220; text_transform=&#8220;capitalize&#8220; text_color=&#8220;color-xsdn&#8220;]<\/p>\n<h4>11:05-11:25<\/h4>\n<p>[\/vc_custom_heading][\/vc_column_inner][vc_column_inner column_width_percent=&#8220;100&#8243; position_vertical=&#8220;middle&#8220; gutter_size=&#8220;3&#8243; overlay_alpha=&#8220;50&#8243; medium_width=&#8220;0&#8243; mobile_width=&#8220;0&#8243; shift_x=&#8220;0&#8243; shift_y=&#8220;0&#8243; shift_y_down=&#8220;0&#8243; z_index=&#8220;0&#8243; width=&#8220;3\/4&#8243;][vc_column_text]In der zweiten Pause \u00f6ffnet der &#8222;Saftladen&#8220; sein Fenster im Neubau. Sch\u00fclerinnen und Sch\u00fcler der Klasse 10 verkaufen kleine St\u00e4rkungen f\u00fcr die letzten beiden Stunden des Schulvormittags.[\/vc_column_text][\/vc_column_inner][\/vc_row_inner][vc_row_inner row_inner_height_percent=&#8220;10&#8243; back_color=&#8220;color-iopl&#8220; overlay_alpha=&#8220;50&#8243; gutter_size=&#8220;3&#8243; shift_y=&#8220;0&#8243; z_index=&#8220;0&#8243;][vc_column_inner column_width_percent=&#8220;100&#8243; position_vertical=&#8220;middle&#8220; align_horizontal=&#8220;align_center&#8220; style=&#8220;dark&#8220; gutter_size=&#8220;3&#8243; overlay_alpha=&#8220;50&#8243; medium_width=&#8220;0&#8243; mobile_width=&#8220;0&#8243; shift_x=&#8220;0&#8243; shift_y=&#8220;0&#8243; shift_y_down=&#8220;0&#8243; z_index=&#8220;0&#8243; width=&#8220;1\/4&#8243;][vc_custom_heading heading_semantic=&#8220;h6&#8243; text_size=&#8220;&#8220; text_transform=&#8220;capitalize&#8220; text_color=&#8220;color-xsdn&#8220;]<\/p>\n<h4>13:00<\/h4>\n<p>[\/vc_custom_heading][\/vc_column_inner][vc_column_inner column_width_percent=&#8220;100&#8243; position_vertical=&#8220;middle&#8220; gutter_size=&#8220;3&#8243; overlay_alpha=&#8220;50&#8243; medium_width=&#8220;0&#8243; mobile_width=&#8220;0&#8243; shift_x=&#8220;0&#8243; shift_y=&#8220;0&#8243; shift_y_down=&#8220;0&#8243; z_index=&#8220;0&#8243; width=&#8220;3\/4&#8243;][vc_column_text]Nach einem gemeinsamen Gebet oder einem Lied tischen unsere fabelhaften K\u00f6che das Mittagessen im Speisesaal auf. Die Hauptspeise wird in der Regel von Salat und einem Dessert begleitet. F\u00fcr alle Vegetarier gibt es auch eine fleischlose Hauptspeise.[\/vc_column_text][\/vc_column_inner][\/vc_row_inner][vc_row_inner row_inner_height_percent=&#8220;10&#8243; back_color=&#8220;color-zsdf&#8220; overlay_alpha=&#8220;50&#8243; gutter_size=&#8220;3&#8243; shift_y=&#8220;0&#8243; z_index=&#8220;0&#8243;][vc_column_inner column_width_percent=&#8220;100&#8243; position_vertical=&#8220;middle&#8220; align_horizontal=&#8220;align_center&#8220; style=&#8220;dark&#8220; gutter_size=&#8220;3&#8243; overlay_alpha=&#8220;50&#8243; medium_width=&#8220;0&#8243; mobile_width=&#8220;0&#8243; shift_x=&#8220;0&#8243; shift_y=&#8220;0&#8243; shift_y_down=&#8220;0&#8243; z_index=&#8220;0&#8243; width=&#8220;1\/4&#8243;][vc_custom_heading heading_semantic=&#8220;h6&#8243; text_size=&#8220;&#8220; text_transform=&#8220;capitalize&#8220; text_color=&#8220;color-xsdn&#8220;]<\/p>\n<h4>13:55-18:15<\/h4>\n<p>[\/vc_custom_heading][\/vc_column_inner][vc_column_inner column_width_percent=&#8220;100&#8243; position_vertical=&#8220;middle&#8220; gutter_size=&#8220;3&#8243; overlay_alpha=&#8220;50&#8243; medium_width=&#8220;0&#8243; mobile_width=&#8220;0&#8243; shift_x=&#8220;0&#8243; shift_y=&#8220;0&#8243; shift_y_down=&#8220;0&#8243; z_index=&#8220;0&#8243; width=&#8220;3\/4&#8243;][vc_column_text]Nachmittags gibt es verschiedene Optionen, wie die Sch\u00fclerinnen und Sch\u00fcler ihre Zeit verbringen.<br \/>\nNeben dem Nachmittagsunterricht (8.\/9. Stunde von 13:55-15:25 und 10.\/11. Stunde von 15:35- 17:05), den manche Sch\u00fcler haben, steht f\u00fcr die 9er und 10er eine verpflichtende Arbeitszeit an, w\u00e4hrend 11er und 12er selbst\u00e4ndig lernen und ihre Hausaufgaben erledigen.<\/p>\n<p>Wer den schulischen Teil hinter sich gebracht hat, verbringt die Zeit nach pers\u00f6nlichem Belieben: mit den Freunden, drau\u00dfen, beim Sport, im Chor oder einfach eine Runde entspannen.[\/vc_column_text][\/vc_column_inner][\/vc_row_inner][vc_row_inner row_inner_height_percent=&#8220;10&#8243; back_color=&#8220;color-iopl&#8220; overlay_alpha=&#8220;50&#8243; gutter_size=&#8220;3&#8243; shift_y=&#8220;0&#8243; z_index=&#8220;0&#8243;][vc_column_inner column_width_percent=&#8220;100&#8243; position_vertical=&#8220;middle&#8220; align_horizontal=&#8220;align_center&#8220; style=&#8220;dark&#8220; gutter_size=&#8220;3&#8243; overlay_alpha=&#8220;50&#8243; medium_width=&#8220;0&#8243; mobile_width=&#8220;0&#8243; shift_x=&#8220;0&#8243; shift_y=&#8220;0&#8243; shift_y_down=&#8220;0&#8243; z_index=&#8220;0&#8243; width=&#8220;1\/4&#8243;][vc_custom_heading heading_semantic=&#8220;h6&#8243; text_size=&#8220;&#8220; text_transform=&#8220;capitalize&#8220; text_color=&#8220;color-xsdn&#8220;]<\/p>\n<h4>18:15<\/h4>\n<p>[\/vc_custom_heading][\/vc_column_inner][vc_column_inner column_width_percent=&#8220;100&#8243; position_vertical=&#8220;middle&#8220; gutter_size=&#8220;3&#8243; overlay_alpha=&#8220;50&#8243; medium_width=&#8220;0&#8243; mobile_width=&#8220;0&#8243; shift_x=&#8220;0&#8243; shift_y=&#8220;0&#8243; shift_y_down=&#8220;0&#8243; z_index=&#8220;0&#8243; width=&#8220;3\/4&#8243;][vc_column_text]Die letzte gemeinsame Mahlzeit des Tages ist das Abendessen. Neben Brot, Belag und Gem\u00fcse gibt es immer eine Besonderheit, z.B. Fischplatte oder Tomate-Mozzarella-Salat.[\/vc_column_text][\/vc_column_inner][\/vc_row_inner][vc_row_inner row_inner_height_percent=&#8220;10&#8243; back_color=&#8220;color-zsdf&#8220; overlay_alpha=&#8220;50&#8243; gutter_size=&#8220;3&#8243; shift_y=&#8220;0&#8243; z_index=&#8220;0&#8243;][vc_column_inner column_width_percent=&#8220;100&#8243; position_vertical=&#8220;middle&#8220; align_horizontal=&#8220;align_center&#8220; style=&#8220;dark&#8220; gutter_size=&#8220;3&#8243; overlay_alpha=&#8220;50&#8243; medium_width=&#8220;0&#8243; mobile_width=&#8220;0&#8243; shift_x=&#8220;0&#8243; shift_y=&#8220;0&#8243; shift_y_down=&#8220;0&#8243; z_index=&#8220;0&#8243; width=&#8220;1\/4&#8243;][vc_custom_heading heading_semantic=&#8220;h6&#8243; text_size=&#8220;&#8220; text_transform=&#8220;capitalize&#8220; text_color=&#8220;color-xsdn&#8220;]<\/p>\n<h4>Abends<\/h4>\n<p>[\/vc_custom_heading][\/vc_column_inner][vc_column_inner column_width_percent=&#8220;100&#8243; position_vertical=&#8220;middle&#8220; gutter_size=&#8220;3&#8243; overlay_alpha=&#8220;50&#8243; medium_width=&#8220;0&#8243; mobile_width=&#8220;0&#8243; shift_x=&#8220;0&#8243; shift_y=&#8220;0&#8243; shift_y_down=&#8220;0&#8243; z_index=&#8220;0&#8243; width=&#8220;3\/4&#8243;][vc_column_text]Nach dem Abendessen findet ein Gro\u00dfteil der angebotenen AGs statt. Das Angebot reicht von Sport AG, Orchester, Bigband, Theater, Kulisse AG, Kost\u00fcm AG, Amnesty International, Franz\u00f6sisches Kochen und viele kleiner Events, die in Eigeninitiative von uns Sch\u00fclerinnen und Sch\u00fclern organisiert werden.[\/vc_column_text][\/vc_column_inner][\/vc_row_inner][vc_row_inner row_inner_height_percent=&#8220;10&#8243; back_color=&#8220;color-iopl&#8220; overlay_alpha=&#8220;50&#8243; gutter_size=&#8220;3&#8243; shift_y=&#8220;0&#8243; z_index=&#8220;0&#8243;][vc_column_inner column_width_percent=&#8220;100&#8243; position_vertical=&#8220;middle&#8220; align_horizontal=&#8220;align_center&#8220; style=&#8220;dark&#8220; gutter_size=&#8220;3&#8243; overlay_alpha=&#8220;50&#8243; medium_width=&#8220;0&#8243; mobile_width=&#8220;0&#8243; shift_x=&#8220;0&#8243; shift_y=&#8220;0&#8243; shift_y_down=&#8220;0&#8243; z_index=&#8220;0&#8243; width=&#8220;1\/4&#8243;][vc_custom_heading heading_semantic=&#8220;h6&#8243; text_size=&#8220;&#8220; text_transform=&#8220;capitalize&#8220; text_color=&#8220;color-xsdn&#8220;]<\/p>\n<h4>21:30<\/h4>\n<p>[\/vc_custom_heading][\/vc_column_inner][vc_column_inner column_width_percent=&#8220;100&#8243; position_vertical=&#8220;middle&#8220; gutter_size=&#8220;3&#8243; overlay_alpha=&#8220;50&#8243; medium_width=&#8220;0&#8243; mobile_width=&#8220;0&#8243; shift_x=&#8220;0&#8243; shift_y=&#8220;0&#8243; shift_y_down=&#8220;0&#8243; z_index=&#8220;0&#8243; width=&#8220;3\/4&#8243;][vc_column_text]Es ist Hausschluss f\u00fcr unser 9er. Das bedeutet ab jetzt m\u00fcssen sich alle im Haus und auf dem Schlaftrakt aufhalten. Gestaffelt folgt dasselbe nun f\u00fcr die 10er um 22:00 Uhr, die 11er um 22:30 und die 12er um 23:00 Uhr. Die Anwesenheit wird dabei von einer Lehrerin und einem Lehrer \u00fcberpr\u00fcft.<br \/>\nDamit geht ein langer Tag am Semi zu Ende.[\/vc_column_text][\/vc_column_inner][\/vc_row_inner][vc_row_inner row_inner_height_percent=&#8220;10&#8243; back_color=&#8220;color-zsdf&#8220; overlay_alpha=&#8220;50&#8243; gutter_size=&#8220;3&#8243; shift_y=&#8220;0&#8243; z_index=&#8220;0&#8243;][vc_column_inner column_width_percent=&#8220;100&#8243; position_vertical=&#8220;middle&#8220; align_horizontal=&#8220;align_center&#8220; style=&#8220;dark&#8220; gutter_size=&#8220;3&#8243; overlay_alpha=&#8220;50&#8243; medium_width=&#8220;0&#8243; mobile_width=&#8220;0&#8243; shift_x=&#8220;0&#8243; shift_y=&#8220;0&#8243; shift_y_down=&#8220;0&#8243; z_index=&#8220;0&#8243; width=&#8220;1\/4&#8243;][vc_custom_heading heading_semantic=&#8220;h6&#8243; text_size=&#8220;&#8220; text_transform=&#8220;capitalize&#8220; text_color=&#8220;color-xsdn&#8220;]<\/p>\n<h4>Am Wochenende<\/h4>\n<p>[\/vc_custom_heading][\/vc_column_inner][vc_column_inner column_width_percent=&#8220;100&#8243; position_vertical=&#8220;middle&#8220; gutter_size=&#8220;3&#8243; overlay_alpha=&#8220;50&#8243; medium_width=&#8220;0&#8243; mobile_width=&#8220;0&#8243; shift_x=&#8220;0&#8243; shift_y=&#8220;0&#8243; shift_y_down=&#8220;0&#8243; z_index=&#8220;0&#8243; width=&#8220;3\/4&#8243;][vc_column_text]Am Wochenende verschieben sich sowohl die Mahlzeiten als auch die Bettgehzeiten.<\/p>\n<p>Das Fr\u00fchst\u00fcck wird am Samstag und Sonntag von 8:00 bis 10:00 angeboten, so dass die Sch\u00fclerinnen und Sch\u00fcler auch mal ausschlafen k\u00f6nnen.<\/p>\n<p>Mittagessen findet schon um 12:15 statt, damit sich Ausfl\u00fcge, z.B. nach Ulm, auch zeitlich lohnen.<\/p>\n<p>Die Bettgehzeiten sind etwas nach hinten verschoben.[\/vc_column_text][\/vc_column_inner][\/vc_row_inner][vc_row_inner][vc_column_inner width=&#8220;1\/1&#8243;][vc_custom_heading heading_semantic=&#8220;h5&#8243; text_size=&#8220;h5&#8243;]Franziska, Promo 15\/19[\/vc_custom_heading][\/vc_column_inner][\/vc_row_inner][\/vc_column][\/vc_row]<\/p>\n<\/div>","protected":false},"excerpt":{"rendered":"<p>[vc_row][vc_column width=&#8220;1\/1&#8243;][vc_column_text]Am Seminar ist kein Tag wie der andere. Verschiedene Angebote und die Gemeinschaft mit den Freunden machen jeden Tag [&hellip;]<\/p>\n","protected":false},"author":5,"featured_media":0,"parent":165,"menu_order":63,"comment_status":"closed","ping_status":"closed","template":"","meta":{"footnotes":""},"class_list":["post-113","page","type-page","status-publish","hentry","page_category-internat"],"_links":{"self":[{"href":"https:\/\/seminar-blaubeuren.de\/index.php\/wp-json\/wp\/v2\/pages\/113","targetHints":{"allow":["GET"]}}],"collection":[{"href":"https:\/\/seminar-blaubeuren.de\/index.php\/wp-json\/wp\/v2\/pages"}],"about":[{"href":"https:\/\/seminar-blaubeuren.de\/index.php\/wp-json\/wp\/v2\/types\/page"}],"author":[{"embeddable":true,"href":"https:\/\/seminar-blaubeuren.de\/index.php\/wp-json\/wp\/v2\/users\/5"}],"replies":[{"embeddable":true,"href":"https:\/\/seminar-blaubeuren.de\/index.php\/wp-json\/wp\/v2\/comments?post=113"}],"version-history":[{"count":33,"href":"https:\/\/seminar-blaubeuren.de\/index.php\/wp-json\/wp\/v2\/pages\/113\/revisions"}],"predecessor-version":[{"id":74323,"href":"https:\/\/seminar-blaubeuren.de\/index.php\/wp-json\/wp\/v2\/pages\/113\/revisions\/74323"}],"up":[{"embeddable":true,"href":"https:\/\/seminar-blaubeuren.de\/index.php\/wp-json\/wp\/v2\/pages\/165"}],"wp:attachment":[{"href":"https:\/\/seminar-blaubeuren.de\/index.php\/wp-json\/wp\/v2\/media?parent=113"}],"curies":[{"name":"wp","href":"https:\/\/api.w.org\/{rel}","templated":true}]}}